{"id":801,"date":"2019-07-26T07:46:47","date_gmt":"2019-07-26T07:46:47","guid":{"rendered":"https:\/\/matchthemes.com\/testin\/?page_id=801"},"modified":"2022-10-26T22:17:06","modified_gmt":"2022-10-26T20:17:06","slug":"faq","status":"publish","type":"page","link":"https:\/\/www.lesbaguettesdor.fr\/index.php\/faq\/","title":{"rendered":"nos menus"},"content":{"rendered":"\t\t<div data-elementor-type=\"wp-post\" data-elementor-id=\"801\" class=\"elementor elementor-801\" data-elementor-settings=\"[]\">\n\t\t\t\t\t\t<div class=\"elementor-inner\">\n\t\t\t\t\t\t\t<div class=\"elementor-section-wrap\">\n\t\t\t\t\t\t\t<section class=\"elementor-section elementor-top-section elementor-element elementor-element-c5757b8 elementor-section-boxed elementor-section-height-default elementor-section-height-default\" data-id=\"c5757b8\" data-element_type=\"section\">\n\t\t\t\t\t\t<div class=\"elementor-container elementor-column-gap-default\">\n\t\t\t\t\t\t\t<div class=\"elementor-row\">\n\t\t\t\t\t<div class=\"elementor-column elementor-col-50 elementor-top-column elementor-element elementor-element-2d3d13a\" data-id=\"2d3d13a\" data-element_type=\"column\">\n\t\t\t<div class=\"elementor-column-wrap elementor-element-populated\">\n\t\t\t\t\t\t\t<div class=\"elementor-widget-wrap\">\n\t\t\t\t\t\t<div class=\"elementor-element elementor-element-0e60ae2 home-title-el title-headline-el elementor-widget elementor-widget-heading\" data-id=\"0e60ae2\" data-element_type=\"widget\" data-widget_type=\"heading.default\">\n\t\t\t\t<div class=\"elementor-widget-container\">\n\t\t\t<h2 class=\"elementor-heading-title elementor-size-default\">Nos  menus<\/h2>\t\t<\/div>\n\t\t\t\t<\/div>\n\t\t\t\t<div class=\"elementor-element elementor-element-d5756c9 elementor-widget elementor-widget-heading\" data-id=\"d5756c9\" data-element_type=\"widget\" data-widget_type=\"heading.default\">\n\t\t\t\t<div class=\"elementor-widget-container\">\n\t\t\t<p class=\"elementor-heading-title elementor-size-default\">Les Baguettes d'or vous proposent une gamme de plusieurs menus dans leur \u00e9tablissement, qui vous feront voyager est \u00e9veillerons vos papilles d\u00e9gustatives.<\/p>\t\t<\/div>\n\t\t\t\t<\/div>\n\t\t\t\t\t\t<\/div>\n\t\t\t\t\t<\/div>\n\t\t<\/div>\n\t\t\t\t<div class=\"elementor-column elementor-col-50 elementor-top-column elementor-element elementor-element-0195bb7\" data-id=\"0195bb7\" data-element_type=\"column\">\n\t\t\t<div class=\"elementor-column-wrap elementor-element-populated\">\n\t\t\t\t\t\t\t<div class=\"elementor-widget-wrap\">\n\t\t\t\t\t\t<div class=\"elementor-element elementor-element-a666f76 elementor-widget elementor-widget-toggle\" data-id=\"a666f76\" data-element_type=\"widget\" data-widget_type=\"toggle.default\">\n\t\t\t\t<div class=\"elementor-widget-container\">\n\t\t\t\t\t<div class=\"elementor-toggle\" role=\"tablist\">\n\t\t\t\t\t\t\t<div class=\"elementor-toggle-item\">\n\t\t\t\t\t<div id=\"elementor-tab-title-1741\" class=\"elementor-tab-title\" data-tab=\"1\" role=\"tab\" aria-controls=\"elementor-tab-content-1741\">\n\t\t\t\t\t\t\t\t\t\t\t\t<span class=\"elementor-toggle-icon elementor-toggle-icon-left\" aria-hidden=\"true\">\n\t\t\t\t\t\t\t\t\t\t\t\t\t\t\t<span class=\"elementor-toggle-icon-closed\"><i class=\"fas fa-caret-right\"><\/i><\/span>\n\t\t\t\t\t\t\t\t<span class=\"elementor-toggle-icon-opened\"><i class=\"elementor-toggle-icon-opened fas fa-caret-up\"><\/i><\/span>\n\t\t\t\t\t\t\t\t\t\t\t\t\t<\/span>\n\t\t\t\t\t\t\t\t\t\t\t\t<a href=\"\" class=\"elementor-toggle-title\">Menu pour 1 personne (entr\u00e9e et plat au choix)<\/a>\n\t\t\t\t\t<\/div>\n\t\t\t\t\t<div id=\"elementor-tab-content-1741\" class=\"elementor-tab-content elementor-clearfix\" data-tab=\"1\" role=\"tabpanel\" aria-labelledby=\"elementor-tab-title-1741\"><h2><strong>Menu<\/strong> \u00e0 22\u20ac<\/h2>\n<ul>\n<li>Nems ou Hors d\u2019oeuvre \u00e0 la vapeur<\/li>\n<li>Filet de poisson \u00e0 la sauce setchouanaise<br><strong>OU<\/strong>&nbsp;Boeuf aux champignons noirs et pousses de bambou<br><strong>OU<\/strong> Poulet du chef<\/li>\n<li>Riz cantonnais<\/li>\n<\/ul><\/div>\n\t\t\t\t<\/div>\n\t\t\t\t\t\t\t<div class=\"elementor-toggle-item\">\n\t\t\t\t\t<div id=\"elementor-tab-title-1742\" class=\"elementor-tab-title\" data-tab=\"2\" role=\"tab\" aria-controls=\"elementor-tab-content-1742\">\n\t\t\t\t\t\t\t\t\t\t\t\t<span class=\"elementor-toggle-icon elementor-toggle-icon-left\" aria-hidden=\"true\">\n\t\t\t\t\t\t\t\t\t\t\t\t\t\t\t<span class=\"elementor-toggle-icon-closed\"><i class=\"fas fa-caret-right\"><\/i><\/span>\n\t\t\t\t\t\t\t\t<span class=\"elementor-toggle-icon-opened\"><i class=\"elementor-toggle-icon-opened fas fa-caret-up\"><\/i><\/span>\n\t\t\t\t\t\t\t\t\t\t\t\t\t<\/span>\n\t\t\t\t\t\t\t\t\t\t\t\t<a href=\"\" class=\"elementor-toggle-title\">Menus pour 2 personnes<\/a>\n\t\t\t\t\t<\/div>\n\t\t\t\t\t<div id=\"elementor-tab-content-1742\" class=\"elementor-tab-content elementor-clearfix\" data-tab=\"2\" role=\"tabpanel\" aria-labelledby=\"elementor-tab-title-1742\"><p><\/p>\n<h2><strong>Menu<\/strong> \u00e0 60\u20ac<\/h2>\n<p>Rouleaux de crevettes<br>Cuisses de grenouille saut\u00e9es au sel et poivre<br>Crevettes saut\u00e9es \u00e0 la menthe et citronnelle<br>Boeuf sat\u00e9 (sur plaque chauffante)<br>Riz cantonnais.<\/p>\n<div class=\"et_pb_module et_pb_text et_pb_text_8 et_pb_text_align_center et_pb_bg_layout_dark et_had_animation\">\n<div class=\"et_pb_text_inner\">\n<div class=\"et_pb_module et_pb_text et_pb_text_13 et_pb_text_align_center et_pb_bg_layout_dark et_had_animation\">\n<div class=\"et_pb_text_inner\">\n<div class=\"et_pb_module et_pb_text et_pb_text_14 et_pb_text_align_center et_pb_bg_layout_dark et_had_animation\">\n<div class=\"et_pb_text_inner\">\n<h2><strong>Menu<\/strong> \u00e0 64\u20ac<\/h2>\n<p>Hors-d\u2019oeuvre \u00e0 la vapeur<br>Raviolis Shanghai grill\u00e9s<br>Crevettes flamb\u00e9es au Mei Kuei Lu (sur plaque chauffante)<br>Canard laqu\u00e9 \u00e0 la cantonnaise<br>Riz cantonnais.<\/p>\n<div class=\"et_pb_module et_pb_text et_pb_text_8 et_pb_text_align_center et_pb_bg_layout_dark et_had_animation\">\n<div class=\"et_pb_text_inner\">\n<h2><strong>Menu<\/strong> \u00e0 68\u20ac<\/h2>\n<p>Hors-d\u2019oeuvre vari\u00e9 en beignets<br>Coquilles St Jacques saut\u00e9es au gingembre et \u00e0 la ciboulette (sur plaque chauffante)<br>Canard laqu\u00e9 \u00e0 la cantonnaise<br>Riz cantonnais.<\/p>\n<div class=\"et_pb_module et_pb_text et_pb_text_12 et_pb_text_align_center et_pb_bg_layout_dark et_had_animation\">\n<div class=\"et_pb_text_inner\">\n<h2><strong>Menu<\/strong> \u00e0 80\u20ac<\/h2>\n<p>Hors-d\u2019oeuvre \u00e0 la vapeur<br>Cuisses de grenouille saut\u00e9es \u00e0 l\u2019ail<br>Demi-Canard laqu\u00e9 \u00e0 la p\u00e9kinoise (pr\u00e9sentation en 3 plats)<br>Riz cantonnais.<\/p>\n<div class=\"et_pb_module et_pb_text et_pb_text_16 et_pb_text_align_center et_pb_bg_layout_dark et_had_animation\">\n<div class=\"et_pb_text_inner\">\n<h2><strong>Menu<\/strong> \u00e0 116\u20ac<\/h2>\n<p>Coquilles St Jacques \u00e0 la vapeur<br>Pinces de crabes farcies<br>Hors-d\u2019oeuvre \u00e0 la vapeur<br>Sole \u00e0 la vapeur au gingembre<br>Brochettes de fruits de mer flamb\u00e9es au Mei Kuei Lu (sur plaque chauffante)<br>Riz cantonnais.<\/p>\n<\/div>\n<\/div>\n<\/div>\n<\/div>\n<\/div>\n<\/div>\n<\/div>\n<\/div>\n<\/div>\n<\/div>\n<\/div>\n<\/div>\n<p><br><\/p><\/div>\n\t\t\t\t<\/div>\n\t\t\t\t\t\t\t<div class=\"elementor-toggle-item\">\n\t\t\t\t\t<div id=\"elementor-tab-title-1743\" class=\"elementor-tab-title\" data-tab=\"3\" role=\"tab\" aria-controls=\"elementor-tab-content-1743\">\n\t\t\t\t\t\t\t\t\t\t\t\t<span class=\"elementor-toggle-icon elementor-toggle-icon-left\" aria-hidden=\"true\">\n\t\t\t\t\t\t\t\t\t\t\t\t\t\t\t<span class=\"elementor-toggle-icon-closed\"><i class=\"fas fa-caret-right\"><\/i><\/span>\n\t\t\t\t\t\t\t\t<span class=\"elementor-toggle-icon-opened\"><i class=\"elementor-toggle-icon-opened fas fa-caret-up\"><\/i><\/span>\n\t\t\t\t\t\t\t\t\t\t\t\t\t<\/span>\n\t\t\t\t\t\t\t\t\t\t\t\t<a href=\"\" class=\"elementor-toggle-title\">Menu pour 3 personnes<\/a>\n\t\t\t\t\t<\/div>\n\t\t\t\t\t<div id=\"elementor-tab-content-1743\" class=\"elementor-tab-content elementor-clearfix\" data-tab=\"3\" role=\"tabpanel\" aria-labelledby=\"elementor-tab-title-1743\"><div class=\"et_pb_module et_pb_text et_pb_text_17 et_pb_text_align_left et_pb_bg_layout_light et_had_animation\">\n<div class=\"et_pb_text_inner\">\n<div class=\"et_pb_module et_pb_text et_pb_text_17 et_pb_text_align_left et_pb_bg_layout_light et_had_animation\">\n<div class=\"et_pb_text_inner\">\n<h2><strong>Menu<\/strong>&nbsp;\u00e0 99 \u20ac<\/h2>\n<\/div>\n<\/div>\n<div class=\"et_pb_module et_pb_text et_pb_text_18 et_pb_text_align_center et_pb_bg_layout_dark et_had_animation\">\n<div class=\"et_pb_text_inner\">Hors-d\u2019oeuvre en beignets<br>Coquilles St Jacques saut\u00e9es au gingembre et \u00e0 la ciboulette (sur plaque chauffante)<br>Poulet \u00e0 l\u2019ananas<br>Boeuf \u00e9minc\u00e9 et piment\u00e9<br>Nouilles saut\u00e9es<\/div>\n<\/div>\n<\/div>\n<\/div>\n<div class=\"et_pb_module et_pb_divider et_pb_divider_2 et_pb_divider_position_ et_pb_space et_had_animation\">\n<div class=\"et_pb_divider_internal\">&nbsp;<\/div>\n<\/div>\n<div class=\"et_pb_module et_pb_text et_pb_text_18 et_pb_text_align_center et_pb_bg_layout_dark et_had_animation\">\n<div class=\"et_pb_text_inner\">\n<div class=\"et_pb_module et_pb_text et_pb_text_19 et_pb_text_align_left et_pb_bg_layout_light et_had_animation\">\n<div class=\"et_pb_text_inner\">\n<h2><strong>Menu \u00e0<\/strong> 117 \u20ac<\/h2>\n<\/div>\n<\/div>\n<div class=\"et_pb_module et_pb_text et_pb_text_20 et_pb_text_align_center et_pb_bg_layout_dark et_had_animation\">\n<div class=\"et_pb_text_inner\">\n<p>Hors-d\u2019\u0153uvre \u00e0 la vapeur<br>Rouleaux de crevettes<br>Cuisses de grenouille saut\u00e9es \u00e0 l\u2019ail<br>Crevettes flamb\u00e9es au Mei Kuei Lu (sur plaque chauffante)<br>Canard laqu\u00e9 \u00e0 la cantonaise<br>Filet de b\u0153uf \u00e0 la setchouanaise<br>Riz cantonnais.<\/p>\n<\/div>\n<\/div>\n<\/div>\n<\/div><\/div>\n\t\t\t\t<\/div>\n\t\t\t\t\t\t\t<div class=\"elementor-toggle-item\">\n\t\t\t\t\t<div id=\"elementor-tab-title-1744\" class=\"elementor-tab-title\" data-tab=\"4\" role=\"tab\" aria-controls=\"elementor-tab-content-1744\">\n\t\t\t\t\t\t\t\t\t\t\t\t<span class=\"elementor-toggle-icon elementor-toggle-icon-left\" aria-hidden=\"true\">\n\t\t\t\t\t\t\t\t\t\t\t\t\t\t\t<span class=\"elementor-toggle-icon-closed\"><i class=\"fas fa-caret-right\"><\/i><\/span>\n\t\t\t\t\t\t\t\t<span class=\"elementor-toggle-icon-opened\"><i class=\"elementor-toggle-icon-opened fas fa-caret-up\"><\/i><\/span>\n\t\t\t\t\t\t\t\t\t\t\t\t\t<\/span>\n\t\t\t\t\t\t\t\t\t\t\t\t<a href=\"\" class=\"elementor-toggle-title\">Menu pour 4 personnes<\/a>\n\t\t\t\t\t<\/div>\n\t\t\t\t\t<div id=\"elementor-tab-content-1744\" class=\"elementor-tab-content elementor-clearfix\" data-tab=\"4\" role=\"tabpanel\" aria-labelledby=\"elementor-tab-title-1744\"><div class=\"et_pb_module et_pb_text et_pb_text_21 et_pb_text_align_left et_pb_bg_layout_light et_had_animation\">\n<div class=\"et_pb_text_inner\">\n<h2><strong>Menu<\/strong> \u00e0 128 \u20ac&nbsp;<\/h2>\n<\/div>\n<\/div>\n<div class=\"et_pb_module et_pb_text et_pb_text_22 et_pb_text_align_center et_pb_bg_layout_dark et_had_animation\">\n<div class=\"et_pb_text_inner\">\n<p>Nems<br>Hors-d\u2019\u0153uvre \u00e0 la vapeur<br>Crevettes flamb\u00e9es au Mei Kuei Lu&nbsp;(sur plaque chauffante)<br>B\u0153uf sat\u00e9 (sur plaque chauffante)<br>Canard laqu\u00e9 \u00e0 la cantonaise<br>Poulet \u00e0 l\u2019ananas<br>Riz cantonnais<br>Nouilles saut\u00e9es.<\/p>\n<\/div><\/div><\/div>\n\t\t\t\t<\/div>\n\t\t\t\t\t\t\t<div class=\"elementor-toggle-item\">\n\t\t\t\t\t<div id=\"elementor-tab-title-1745\" class=\"elementor-tab-title\" data-tab=\"5\" role=\"tab\" aria-controls=\"elementor-tab-content-1745\">\n\t\t\t\t\t\t\t\t\t\t\t\t<span class=\"elementor-toggle-icon elementor-toggle-icon-left\" aria-hidden=\"true\">\n\t\t\t\t\t\t\t\t\t\t\t\t\t\t\t<span class=\"elementor-toggle-icon-closed\"><i class=\"fas fa-caret-right\"><\/i><\/span>\n\t\t\t\t\t\t\t\t<span class=\"elementor-toggle-icon-opened\"><i class=\"elementor-toggle-icon-opened fas fa-caret-up\"><\/i><\/span>\n\t\t\t\t\t\t\t\t\t\t\t\t\t<\/span>\n\t\t\t\t\t\t\t\t\t\t\t\t<a href=\"\" class=\"elementor-toggle-title\">Menu pour 5 personnes<\/a>\n\t\t\t\t\t<\/div>\n\t\t\t\t\t<div id=\"elementor-tab-content-1745\" class=\"elementor-tab-content elementor-clearfix\" data-tab=\"5\" role=\"tabpanel\" aria-labelledby=\"elementor-tab-title-1745\"><div class=\"et_pb_module et_pb_text et_pb_text_21 et_pb_text_align_left et_pb_bg_layout_light et_had_animation\">\n<div class=\"et_pb_text_inner\">&nbsp;<\/div>\n<\/div>\n<div class=\"et_pb_module et_pb_text et_pb_text_22 et_pb_text_align_center et_pb_bg_layout_dark et_had_animation\">\n<div class=\"et_pb_text_inner\">\n<div class=\"et_pb_module et_pb_text et_pb_text_23 et_pb_text_align_left et_pb_bg_layout_light et_had_animation\">\n<div class=\"et_pb_text_inner\">\n<h2><strong>Menu<\/strong> \u00e0 170 \u20ac<\/h2>\n<\/div>\n<\/div>\n<div class=\"et_pb_module et_pb_text et_pb_text_24 et_pb_text_align_center et_pb_bg_layout_dark et_had_animation\">\n<div class=\"et_pb_text_inner\">\n<p>Nems<br>Hors-d\u2019\u0153uvre \u00e0 la vapeur<br>Crevettes flamb\u00e9es au Mei Kuei Lu (sur plaque chauffante)<br>Canard laqu\u00e9 \u00e0 la cantonaise<br>Filet de b\u0153uf \u00e0 l\u2019oriental<br>Poulet \u00e0 l\u2019ananas<br>Porc saut\u00e9 \u00e0 la menthe et \u00e0 la citronnelle<br>Riz cantonnais<br>Nouilles saut\u00e9es.<\/p>\n<\/div>\n<\/div>\n<\/div>\n<\/div>\n<p><br><\/p><\/div>\n\t\t\t\t<\/div>\n\t\t\t\t\t<\/div>\n\t\t\t\t<\/div>\n\t\t\t\t<\/div>\n\t\t\t\t\t\t<\/div>\n\t\t\t\t\t<\/div>\n\t\t<\/div>\n\t\t\t\t\t\t\t\t<\/div>\n\t\t\t\t\t<\/div>\n\t\t<\/section>\n\t\t\t\t\t\t<\/div>\n\t\t\t\t\t\t<\/div>\n\t\t\t\t\t<\/div>\n\t\t","protected":false},"excerpt":{"rendered":"<p>Nos menus Les Baguettes d&rsquo;or vous proposent une gamme de plusieurs menus dans leur \u00e9tablissement, qui vous feront voyager est \u00e9veillerons vos papilles d\u00e9gustatives. Menu pour 1 personne (entr\u00e9e et plat au choix) Menu \u00e0 22\u20ac Nems ou Hors d\u2019oeuvre \u00e0 la vapeur Filet de poisson \u00e0 la sauce setchouanaiseOU&nbsp;Boeuf aux champignons noirs et pousses de bambouOU Poulet du chef&#8230;<\/p>\n","protected":false},"author":1,"featured_media":1813,"parent":0,"menu_order":0,"comment_status":"closed","ping_status":"closed","template":"my-templates\/template-fullscreen.php","meta":[],"_links":{"self":[{"href":"https:\/\/www.lesbaguettesdor.fr\/index.php\/wp-json\/wp\/v2\/pages\/801"}],"collection":[{"href":"https:\/\/www.lesbaguettesdor.fr\/index.php\/wp-json\/wp\/v2\/pages"}],"about":[{"href":"https:\/\/www.lesbaguettesdor.fr\/index.php\/wp-json\/wp\/v2\/types\/page"}],"author":[{"embeddable":true,"href":"https:\/\/www.lesbaguettesdor.fr\/index.php\/wp-json\/wp\/v2\/users\/1"}],"replies":[{"embeddable":true,"href":"https:\/\/www.lesbaguettesdor.fr\/index.php\/wp-json\/wp\/v2\/comments?post=801"}],"version-history":[{"count":44,"href":"https:\/\/www.lesbaguettesdor.fr\/index.php\/wp-json\/wp\/v2\/pages\/801\/revisions"}],"predecessor-version":[{"id":2074,"href":"https:\/\/www.lesbaguettesdor.fr\/index.php\/wp-json\/wp\/v2\/pages\/801\/revisions\/2074"}],"wp:featuredmedia":[{"embeddable":true,"href":"https:\/\/www.lesbaguettesdor.fr\/index.php\/wp-json\/wp\/v2\/media\/1813"}],"wp:attachment":[{"href":"https:\/\/www.lesbaguettesdor.fr\/index.php\/wp-json\/wp\/v2\/media?parent=801"}],"curies":[{"name":"wp","href":"https:\/\/api.w.org\/{rel}","templated":true}]}}