{"id":676,"date":"2019-07-22T16:43:57","date_gmt":"2019-07-22T14:43:57","guid":{"rendered":"https:\/\/matchthemes.com\/testin\/?page_id=676"},"modified":"2021-02-06T12:19:05","modified_gmt":"2021-02-06T11:19:05","slug":"home-3","status":"publish","type":"page","link":"https:\/\/www.lesbaguettesdor.fr\/","title":{"rendered":"Les baguettes d&rsquo;or"},"content":{"rendered":"\t\t<div data-elementor-type=\"wp-post\" data-elementor-id=\"676\" class=\"elementor elementor-676\" data-elementor-settings=\"[]\">\n\t\t\t\t\t\t<div class=\"elementor-inner\">\n\t\t\t\t\t\t\t<div class=\"elementor-section-wrap\">\n\t\t\t\t\t\t\t<section class=\"elementor-section elementor-top-section elementor-element elementor-element-6d00936 elementor-section-boxed elementor-section-height-default elementor-section-height-default\" data-id=\"6d00936\" data-element_type=\"section\">\n\t\t\t\t\t\t<div class=\"elementor-container elementor-column-gap-default\">\n\t\t\t\t\t\t\t<div class=\"elementor-row\">\n\t\t\t\t\t<div class=\"elementor-column elementor-col-100 elementor-top-column elementor-element elementor-element-b3bfd5a\" data-id=\"b3bfd5a\" data-element_type=\"column\">\n\t\t\t<div class=\"elementor-column-wrap elementor-element-populated\">\n\t\t\t\t\t\t\t<div class=\"elementor-widget-wrap\">\n\t\t\t\t\t\t<div class=\"elementor-element elementor-element-1fc1f9c elementor-widget elementor-widget-image\" data-id=\"1fc1f9c\" data-element_type=\"widget\" data-widget_type=\"image.default\">\n\t\t\t\t<div class=\"elementor-widget-container\">\n\t\t\t\t\t<div class=\"elementor-image\">\n\t\t\t\t\t\t\t\t\t\t<img width=\"570\" height=\"170\" src=\"https:\/\/www.lesbaguettesdor.fr\/wp-content\/uploads\/2020\/11\/logo_restaurant_fond_blanc.jpg\" class=\"attachment-large size-large\" alt=\"\" loading=\"lazy\" srcset=\"https:\/\/www.lesbaguettesdor.fr\/wp-content\/uploads\/2020\/11\/logo_restaurant_fond_blanc.jpg 570w, https:\/\/www.lesbaguettesdor.fr\/wp-content\/uploads\/2020\/11\/logo_restaurant_fond_blanc-300x89.jpg 300w\" sizes=\"(max-width: 570px) 100vw, 570px\" \/>\t\t\t\t\t\t\t\t\t\t\t<\/div>\n\t\t\t\t<\/div>\n\t\t\t\t<\/div>\n\t\t\t\t<div class=\"elementor-element elementor-element-fb0e2cf home-subtitle-el elementor-widget elementor-widget-heading\" data-id=\"fb0e2cf\" data-element_type=\"widget\" data-widget_type=\"heading.default\">\n\t\t\t\t<div class=\"elementor-widget-container\">\n\t\t\t<h4 class=\"elementor-heading-title elementor-size-default\">Les Baguettes d'Or, restaurant chinois \u00e0  Strasbourg<\/h4>\t\t<\/div>\n\t\t\t\t<\/div>\n\t\t\t\t\t\t<\/div>\n\t\t\t\t\t<\/div>\n\t\t<\/div>\n\t\t\t\t\t\t\t\t<\/div>\n\t\t\t\t\t<\/div>\n\t\t<\/section>\n\t\t\t\t<section class=\"elementor-section elementor-top-section elementor-element elementor-element-03decc0 elementor-section-boxed elementor-section-height-default elementor-section-height-default\" data-id=\"03decc0\" data-element_type=\"section\">\n\t\t\t\t\t\t<div class=\"elementor-container elementor-column-gap-default\">\n\t\t\t\t\t\t\t<div class=\"elementor-row\">\n\t\t\t\t\t<div class=\"elementor-column elementor-col-50 elementor-top-column elementor-element elementor-element-15ec58d\" data-id=\"15ec58d\" data-element_type=\"column\">\n\t\t\t<div class=\"elementor-column-wrap elementor-element-populated\">\n\t\t\t\t\t\t\t<div class=\"elementor-widget-wrap\">\n\t\t\t\t\t\t<div class=\"elementor-element elementor-element-cd533fb elementor-widget elementor-widget-image\" data-id=\"cd533fb\" data-element_type=\"widget\" data-widget_type=\"image.default\">\n\t\t\t\t<div class=\"elementor-widget-container\">\n\t\t\t\t\t<div class=\"elementor-image\">\n\t\t\t\t\t\t\t\t\t\t<img width=\"400\" height=\"400\" src=\"https:\/\/www.lesbaguettesdor.fr\/wp-content\/uploads\/2020\/11\/photo-1564115547164-8acb1a158428-3-400x400.jpg\" class=\"attachment-post-thumbnail size-post-thumbnail\" alt=\"\" loading=\"lazy\" srcset=\"https:\/\/www.lesbaguettesdor.fr\/wp-content\/uploads\/2020\/11\/photo-1564115547164-8acb1a158428-3-400x400.jpg 400w, https:\/\/www.lesbaguettesdor.fr\/wp-content\/uploads\/2020\/11\/photo-1564115547164-8acb1a158428-3-150x150.jpg 150w\" sizes=\"(max-width: 400px) 100vw, 400px\" \/>\t\t\t\t\t\t\t\t\t\t\t<\/div>\n\t\t\t\t<\/div>\n\t\t\t\t<\/div>\n\t\t\t\t\t\t<\/div>\n\t\t\t\t\t<\/div>\n\t\t<\/div>\n\t\t\t\t<div class=\"elementor-column elementor-col-50 elementor-top-column elementor-element elementor-element-5c3bad0\" data-id=\"5c3bad0\" data-element_type=\"column\">\n\t\t\t<div class=\"elementor-column-wrap elementor-element-populated\">\n\t\t\t\t\t\t\t<div class=\"elementor-widget-wrap\">\n\t\t\t\t\t\t<div class=\"elementor-element elementor-element-e0b06ee home-subtitle-el elementor-widget elementor-widget-heading\" data-id=\"e0b06ee\" data-element_type=\"widget\" data-widget_type=\"heading.default\">\n\t\t\t\t<div class=\"elementor-widget-container\">\n\t\t\t<h3 class=\"elementor-heading-title elementor-size-default\">Bienvenue au restaurant<\/h3>\t\t<\/div>\n\t\t\t\t<\/div>\n\t\t\t\t<div class=\"elementor-element elementor-element-0bfba76 home-title-el title-headline-el elementor-widget elementor-widget-heading\" data-id=\"0bfba76\" data-element_type=\"widget\" data-widget_type=\"heading.default\">\n\t\t\t\t<div class=\"elementor-widget-container\">\n\t\t\t<h2 class=\"elementor-heading-title elementor-size-default\">Les Baguettes d'Or<\/h2>\t\t<\/div>\n\t\t\t\t<\/div>\n\t\t\t\t<div class=\"elementor-element elementor-element-c5f04c5 elementor-widget elementor-widget-heading\" data-id=\"c5f04c5\" data-element_type=\"widget\" data-widget_type=\"heading.default\">\n\t\t\t\t<div class=\"elementor-widget-container\">\n\t\t\t<p class=\"elementor-heading-title elementor-size-default\">Bienvenue au restaurant \"Baguettes d\u2019or\", un restaurant moderne ax\u00e9 sur les saveurs de la cuisine asiatique. Nous vous invitons \u00e0 c\u00e9l\u00e9brer\nles d\u00e9licieuses recettes de notre restaurant que vous soyez ici pour un d\u00e9jeuner ou un d\u00eener d\u2019affaires.<\/p>\t\t<\/div>\n\t\t\t\t<\/div>\n\t\t\t\t\t\t<\/div>\n\t\t\t\t\t<\/div>\n\t\t<\/div>\n\t\t\t\t\t\t\t\t<\/div>\n\t\t\t\t\t<\/div>\n\t\t<\/section>\n\t\t\t\t<section class=\"elementor-section elementor-top-section elementor-element elementor-element-2b4a171 elementor-section-boxed elementor-section-height-default elementor-section-height-default\" data-id=\"2b4a171\" data-element_type=\"section\">\n\t\t\t\t\t\t<div class=\"elementor-container elementor-column-gap-default\">\n\t\t\t\t\t\t\t<div class=\"elementor-row\">\n\t\t\t\t\t<div class=\"elementor-column elementor-col-50 elementor-top-column elementor-element elementor-element-de16b3a\" data-id=\"de16b3a\" data-element_type=\"column\">\n\t\t\t<div class=\"elementor-column-wrap elementor-element-populated\">\n\t\t\t\t\t\t\t<div class=\"elementor-widget-wrap\">\n\t\t\t\t\t\t<div class=\"elementor-element elementor-element-253513e home-subtitle-el elementor-widget elementor-widget-heading\" data-id=\"253513e\" data-element_type=\"widget\" data-widget_type=\"heading.default\">\n\t\t\t\t<div class=\"elementor-widget-container\">\n\t\t\t<h3 class=\"elementor-heading-title elementor-size-default\">D\u00e9couvrir<\/h3>\t\t<\/div>\n\t\t\t\t<\/div>\n\t\t\t\t<div class=\"elementor-element elementor-element-214945c home-title-el title-headline-el elementor-widget elementor-widget-heading\" data-id=\"214945c\" data-element_type=\"widget\" data-widget_type=\"heading.default\">\n\t\t\t\t<div class=\"elementor-widget-container\">\n\t\t\t<h2 class=\"elementor-heading-title elementor-size-default\">Nos Menus<\/h2>\t\t<\/div>\n\t\t\t\t<\/div>\n\t\t\t\t<div class=\"elementor-element elementor-element-b74a775 elementor-widget elementor-widget-heading\" data-id=\"b74a775\" data-element_type=\"widget\" data-widget_type=\"heading.default\">\n\t\t\t\t<div class=\"elementor-widget-container\">\n\t\t\t<p class=\"elementor-heading-title elementor-size-default\">Explorez la texture, la couleur et bien s\u00fbr les go\u00fbts ultimes avec notre menu de saison. Tous les ingr\u00e9dients sont frais et soigneusement s\u00e9lectionn\u00e9s par notre chef. Vivez une exp\u00e9rience culinaire extraordinaire.<\/p>\t\t<\/div>\n\t\t\t\t<\/div>\n\t\t\t\t<div class=\"elementor-element elementor-element-fda5464 elementor-widget elementor-widget-button\" data-id=\"fda5464\" data-element_type=\"widget\" data-widget_type=\"button.default\">\n\t\t\t\t<div class=\"elementor-widget-container\">\n\t\t\t\t\t<div class=\"elementor-button-wrapper\">\n\t\t\t<a href=\"index.php\/faq\/\" class=\"elementor-button-link elementor-button elementor-size-sm\" role=\"button\">\n\t\t\t\t\t\t<span class=\"elementor-button-content-wrapper\">\n\t\t\t\t\t\t<span class=\"elementor-button-text\">Voir le menu<\/span>\n\t\t<\/span>\n\t\t\t\t\t<\/a>\n\t\t<\/div>\n\t\t\t\t<\/div>\n\t\t\t\t<\/div>\n\t\t\t\t\t\t<\/div>\n\t\t\t\t\t<\/div>\n\t\t<\/div>\n\t\t\t\t<div class=\"elementor-column elementor-col-50 elementor-top-column elementor-element elementor-element-9e303b9\" data-id=\"9e303b9\" data-element_type=\"column\">\n\t\t\t<div class=\"elementor-column-wrap elementor-element-populated\">\n\t\t\t\t\t\t\t<div class=\"elementor-widget-wrap\">\n\t\t\t\t\t\t<div class=\"elementor-element elementor-element-bcbd4df elementor-widget elementor-widget-image\" data-id=\"bcbd4df\" data-element_type=\"widget\" data-widget_type=\"image.default\">\n\t\t\t\t<div class=\"elementor-widget-container\">\n\t\t\t\t\t<div class=\"elementor-image\">\n\t\t\t\t\t\t\t\t\t\t<img width=\"1329\" height=\"912\" src=\"https:\/\/www.lesbaguettesdor.fr\/wp-content\/uploads\/2020\/11\/photo-1562403492-454d4b075cac.jpg\" class=\"attachment-full size-full\" alt=\"\" loading=\"lazy\" srcset=\"https:\/\/www.lesbaguettesdor.fr\/wp-content\/uploads\/2020\/11\/photo-1562403492-454d4b075cac.jpg 1329w, https:\/\/www.lesbaguettesdor.fr\/wp-content\/uploads\/2020\/11\/photo-1562403492-454d4b075cac-300x206.jpg 300w, https:\/\/www.lesbaguettesdor.fr\/wp-content\/uploads\/2020\/11\/photo-1562403492-454d4b075cac-1024x703.jpg 1024w, https:\/\/www.lesbaguettesdor.fr\/wp-content\/uploads\/2020\/11\/photo-1562403492-454d4b075cac-768x527.jpg 768w\" sizes=\"(max-width: 1329px) 100vw, 1329px\" \/>\t\t\t\t\t\t\t\t\t\t\t<\/div>\n\t\t\t\t<\/div>\n\t\t\t\t<\/div>\n\t\t\t\t\t\t<\/div>\n\t\t\t\t\t<\/div>\n\t\t<\/div>\n\t\t\t\t\t\t\t\t<\/div>\n\t\t\t\t\t<\/div>\n\t\t<\/section>\n\t\t\t\t<section class=\"elementor-section elementor-top-section elementor-element elementor-element-3ea1816 elementor-section-boxed elementor-section-height-default elementor-section-height-default\" data-id=\"3ea1816\" data-element_type=\"section\">\n\t\t\t\t\t\t<div class=\"elementor-container elementor-column-gap-default\">\n\t\t\t\t\t\t\t<div class=\"elementor-row\">\n\t\t\t\t\t<div class=\"elementor-column elementor-col-50 elementor-top-column elementor-element elementor-element-07f04bd\" data-id=\"07f04bd\" data-element_type=\"column\">\n\t\t\t<div class=\"elementor-column-wrap elementor-element-populated\">\n\t\t\t\t\t\t\t<div class=\"elementor-widget-wrap\">\n\t\t\t\t\t\t<div class=\"elementor-element elementor-element-5c59207 elementor-widget elementor-widget-image\" data-id=\"5c59207\" data-element_type=\"widget\" data-widget_type=\"image.default\">\n\t\t\t\t<div class=\"elementor-widget-container\">\n\t\t\t\t\t<div class=\"elementor-image\">\n\t\t\t\t\t\t\t\t\t\t<img width=\"400\" height=\"400\" src=\"https:\/\/www.lesbaguettesdor.fr\/wp-content\/uploads\/2020\/11\/photo-1570604127008-f644337cfb8b-400x400.jpg\" class=\"attachment-post-thumbnail size-post-thumbnail\" alt=\"\" loading=\"lazy\" srcset=\"https:\/\/www.lesbaguettesdor.fr\/wp-content\/uploads\/2020\/11\/photo-1570604127008-f644337cfb8b-400x400.jpg 400w, https:\/\/www.lesbaguettesdor.fr\/wp-content\/uploads\/2020\/11\/photo-1570604127008-f644337cfb8b-150x150.jpg 150w\" sizes=\"(max-width: 400px) 100vw, 400px\" \/>\t\t\t\t\t\t\t\t\t\t\t<\/div>\n\t\t\t\t<\/div>\n\t\t\t\t<\/div>\n\t\t\t\t\t\t<\/div>\n\t\t\t\t\t<\/div>\n\t\t<\/div>\n\t\t\t\t<div class=\"elementor-column elementor-col-50 elementor-top-column elementor-element elementor-element-ee78a81\" data-id=\"ee78a81\" data-element_type=\"column\">\n\t\t\t<div class=\"elementor-column-wrap elementor-element-populated\">\n\t\t\t\t\t\t\t<div class=\"elementor-widget-wrap\">\n\t\t\t\t\t\t<div class=\"elementor-element elementor-element-46ee559 home-subtitle-el elementor-widget elementor-widget-heading\" data-id=\"46ee559\" data-element_type=\"widget\" data-widget_type=\"heading.default\">\n\t\t\t\t<div class=\"elementor-widget-container\">\n\t\t\t<h3 class=\"elementor-heading-title elementor-size-default\">Les baguettes d'or<\/h3>\t\t<\/div>\n\t\t\t\t<\/div>\n\t\t\t\t<div class=\"elementor-element elementor-element-556a0c4 home-title-el title-headline-el elementor-widget elementor-widget-heading\" data-id=\"556a0c4\" data-element_type=\"widget\" data-widget_type=\"heading.default\">\n\t\t\t\t<div class=\"elementor-widget-container\">\n\t\t\t<h2 class=\"elementor-heading-title elementor-size-default\">\u00c0 propos<\/h2>\t\t<\/div>\n\t\t\t\t<\/div>\n\t\t\t\t<div class=\"elementor-element elementor-element-6cc0031 elementor-widget elementor-widget-heading\" data-id=\"6cc0031\" data-element_type=\"widget\" data-widget_type=\"heading.default\">\n\t\t\t\t<div class=\"elementor-widget-container\">\n\t\t\t<p class=\"elementor-heading-title elementor-size-default\">M. Li, notre Chef, a plus de 40 ans d\u2019exp\u00e9rience dans la pr\u00e9paration de d\u00e9licieux plats asiatiques. Une cuisine raffin\u00e9e et des plats exotiques plein de saveurs vous attendent ! Nous vous proposons un service de plats sur place ou \u00e0 emporter. \n<br><br>\nD\u00e9paysement assur\u00e9 au sein de notre \u00e9tablissement, tant gr\u00e2ce au d\u00e9cor qu\u2019aux plats faits maison, dans la pure tradition chinoise...<\/p>\t\t<\/div>\n\t\t\t\t<\/div>\n\t\t\t\t\t\t<\/div>\n\t\t\t\t\t<\/div>\n\t\t<\/div>\n\t\t\t\t\t\t\t\t<\/div>\n\t\t\t\t\t<\/div>\n\t\t<\/section>\n\t\t\t\t<section class=\"elementor-section elementor-top-section elementor-element elementor-element-2a92cc5 elementor-section-boxed elementor-section-height-default elementor-section-height-default\" data-id=\"2a92cc5\" data-element_type=\"section\">\n\t\t\t\t\t\t<div class=\"elementor-container elementor-column-gap-default\">\n\t\t\t\t\t\t\t<div class=\"elementor-row\">\n\t\t\t\t\t<div class=\"elementor-column elementor-col-100 elementor-top-column elementor-element elementor-element-3365430\" data-id=\"3365430\" data-element_type=\"column\">\n\t\t\t<div class=\"elementor-column-wrap elementor-element-populated\">\n\t\t\t\t\t\t\t<div class=\"elementor-widget-wrap\">\n\t\t\t\t\t\t<div class=\"elementor-element elementor-element-d906598 elementor-widget elementor-widget-google_maps\" data-id=\"d906598\" data-element_type=\"widget\" data-widget_type=\"google_maps.default\">\n\t\t\t\t<div class=\"elementor-widget-container\">\n\t\t\t<div class=\"elementor-custom-embed\"><iframe frameborder=\"0\" scrolling=\"no\" marginheight=\"0\" marginwidth=\"0\" src=\"https:\/\/maps.google.com\/maps?q=3%20Bis%20Rue%20Sainte-Catherine%2C%2067000%20Strasbourg&amp;t=m&amp;z=14&amp;output=embed&amp;iwloc=near\" title=\"3 Bis Rue Sainte-Catherine, 67000 Strasbourg\" aria-label=\"3 Bis Rue Sainte-Catherine, 67000 Strasbourg\"><\/iframe><\/div>\t\t<\/div>\n\t\t\t\t<\/div>\n\t\t\t\t\t\t<\/div>\n\t\t\t\t\t<\/div>\n\t\t<\/div>\n\t\t\t\t\t\t\t\t<\/div>\n\t\t\t\t\t<\/div>\n\t\t<\/section>\n\t\t\t\t\t\t<\/div>\n\t\t\t\t\t\t<\/div>\n\t\t\t\t\t<\/div>\n\t\t","protected":false},"excerpt":{"rendered":"<p>Les Baguettes d&rsquo;Or, restaurant chinois \u00e0 Strasbourg Bienvenue au restaurant Les Baguettes d&rsquo;Or Bienvenue au restaurant \u00ab\u00a0Baguettes d\u2019or\u00a0\u00bb, un restaurant moderne ax\u00e9 sur les saveurs de la cuisine asiatique. Nous vous invitons \u00e0 c\u00e9l\u00e9brer les d\u00e9licieuses recettes de notre restaurant que vous soyez ici pour un d\u00e9jeuner ou un d\u00eener d\u2019affaires. D\u00e9couvrir Nos Menus Explorez la texture, la couleur et&#8230;<\/p>\n","protected":false},"author":1,"featured_media":1746,"parent":0,"menu_order":0,"comment_status":"closed","ping_status":"closed","template":"my-templates\/template-fullwidth.php","meta":[],"_links":{"self":[{"href":"https:\/\/www.lesbaguettesdor.fr\/index.php\/wp-json\/wp\/v2\/pages\/676"}],"collection":[{"href":"https:\/\/www.lesbaguettesdor.fr\/index.php\/wp-json\/wp\/v2\/pages"}],"about":[{"href":"https:\/\/www.lesbaguettesdor.fr\/index.php\/wp-json\/wp\/v2\/types\/page"}],"author":[{"embeddable":true,"href":"https:\/\/www.lesbaguettesdor.fr\/index.php\/wp-json\/wp\/v2\/users\/1"}],"replies":[{"embeddable":true,"href":"https:\/\/www.lesbaguettesdor.fr\/index.php\/wp-json\/wp\/v2\/comments?post=676"}],"version-history":[{"count":66,"href":"https:\/\/www.lesbaguettesdor.fr\/index.php\/wp-json\/wp\/v2\/pages\/676\/revisions"}],"predecessor-version":[{"id":1992,"href":"https:\/\/www.lesbaguettesdor.fr\/index.php\/wp-json\/wp\/v2\/pages\/676\/revisions\/1992"}],"wp:featuredmedia":[{"embeddable":true,"href":"https:\/\/www.lesbaguettesdor.fr\/index.php\/wp-json\/wp\/v2\/media\/1746"}],"wp:attachment":[{"href":"https:\/\/www.lesbaguettesdor.fr\/index.php\/wp-json\/wp\/v2\/media?parent=676"}],"curies":[{"name":"wp","href":"https:\/\/api.w.org\/{rel}","templated":true}]}}